{"id":863,"date":"2017-11-11T17:36:08","date_gmt":"2017-11-11T15:36:08","guid":{"rendered":"http:\/\/metaversa.de\/web\/?page_id=863"},"modified":"2019-03-22T12:12:28","modified_gmt":"2019-03-22T10:12:28","slug":"ruppich-podcast-projekt-in-der-jva-neuruppin-wulkow","status":"publish","type":"page","link":"http:\/\/metaversa.de\/web\/projekte\/medien\/ruppich-podcast-projekt-in-der-jva-neuruppin-wulkow\/","title":{"rendered":"RUPPICH &#8211; Podcast-Projekt in der JVA Neuruppin-Wulkow"},"content":{"rendered":"<p><strong>Ohren auf f\u00fcr RUPPICH<\/strong><\/p>\n<p>Insassen der JVA Neuruppin-Wulkow gestalten unter dem Gruppennamen RUPPICH ihre eigenen Audiobeitr\u00e4ge \u2013 ein Podcast in Eigenregie und stets unter dem Motto: \u201eVon drinnen nach drau\u00dfen\u201c. Ehrlich, schn\u00f6rkellos und manchmal widerborstig \u2013 RUPPICH eben. Projektinitiierung &amp; -durchf\u00fchrung: Metaversa e.V.<\/p>\n<p>Projektseite: <a href=\"http:\/\/www.ruppich.net\" target=\"_blank\" rel=\"noopener noreferrer\">www.ruppich.net<\/a><\/p>\n<p>Viele Fragen rund um das Thema Beziehungen gibt es in der <strong>ersten Episode<\/strong> von RUPPICH \u2013 hier online zu h\u00f6ren:<\/p>\n<p><iframe loading=\"lazy\" src=\"https:\/\/w.soundcloud.com\/player\/?url=https%3A\/\/api.soundcloud.com\/tracks\/371705687&amp;color=%23ff5500&amp;auto_play=false&amp;hide_related=false&amp;show_comments=true&amp;show_user=true&amp;show_reposts=false&amp;show_teaser=true\" width=\"100%\" height=\"166\" frameborder=\"no\" scrolling=\"no\"><\/iframe><\/p>\n<p>In der <strong>zweiten Episode<\/strong> von RUPPICH geht es um den Alltag hinter Gittern \u2013 hier online h\u00f6ren:<\/p>\n<p><iframe loading=\"lazy\" src=\"https:\/\/w.soundcloud.com\/player\/?url=https%3A\/\/api.soundcloud.com\/tracks\/535708071&amp;color=%23ff5500&amp;auto_play=false&amp;hide_related=false&amp;show_comments=true&amp;show_user=true&amp;show_reposts=false&amp;show_teaser=true\" width=\"100%\" height=\"166\" frameborder=\"no\" scrolling=\"no\"><\/iframe><\/p>\n<p>Inhaftierte M\u00e4nner gestalten unter dem Gruppennamen RUPPICH ihre eigenen Audiobeitr\u00e4ge \u2013 in Eigenregie und stets unter dem Motto: \u201eVon drinnen nach drau\u00dfen\u201c. Die Podcast-H\u00f6rer*innen sollen einen Eindruck vom Leben hinter Gittern bekommen. Das Thema Strafvollzug ist keines mit dem sich die Politik oder die Gesellschaft gerne und offen besch\u00e4ftigen. Viele Vorurteile, Unsicherheit und Unwissen stehen im Raum, wenn \u00f6ffentlich \u00fcber den Strafvollzug diskutiert wird. RUPPICH m\u00f6chte dazu beitragen, Raum f\u00fcr offene Diskussionen zu schaffen.<\/p>\n<figure id=\"attachment_919\" aria-describedby=\"caption-attachment-919\" style=\"width: 500px\" class=\"wp-caption alignleft\"><img loading=\"lazy\" decoding=\"async\" class=\"wp-image-919\" src=\"http:\/\/metaversa.de\/web\/wp-content\/uploads\/2017\/12\/MG_8124-600x400.jpg\" alt=\"www.ruppich.net\" width=\"500\" height=\"333\" srcset=\"http:\/\/metaversa.de\/web\/wp-content\/uploads\/2017\/12\/MG_8124-600x400.jpg 600w, http:\/\/metaversa.de\/web\/wp-content\/uploads\/2017\/12\/MG_8124-768x512.jpg 768w, http:\/\/metaversa.de\/web\/wp-content\/uploads\/2017\/12\/MG_8124-1024x683.jpg 1024w\" sizes=\"auto, (max-width: 500px) 100vw, 500px\" \/><figcaption id=\"caption-attachment-919\" class=\"wp-caption-text\">Ein Teil von RUPPICH auf dem Weg zur Arbeit<\/figcaption><\/figure>\n<p>Die M\u00e4nner von RUPPICH arbeiten eigenverantwortlich, zielorientiert \u2013 und sind mit gro\u00dfer Motivation bei der Sache.<\/p>\n<p>Im Dezember 2017 pr\u00e4sentierte RUPPICH die erste Episode in der JVA Neuruppin-Wulkow, anschlie\u00dfend wurde sie in der Hauptstadt auf dem crossmedialen Community-Sender ALEX Berlin ausgestrahlt. Episode zwei hatte im November 2018 Premiere und feierte seine Urauff\u00fchrung in der Alexander-Puschkin-Oberschule in Neuruppin. ALEX Berlin sendete Episode zwei an Weihnachten 2018. \u00a0Alle Episoden sind \u00a0online abrufbar, u.a. \u00fcber <a href=\"https:\/\/itunes.apple.com\/us\/podcast\/ruppich\/id1324333397?mt=2\" target=\"_blank\" rel=\"noopener noreferrer\">itunes<\/a>, <a href=\"https:\/\/www.youtube.com\/channel\/UCD8qw-HjlCiI3Ti8SfVTSeA\" target=\"_blank\" rel=\"noopener noreferrer\">youtube<\/a> und <a href=\"http:\/\/www.ruppich.net\">www.ruppich.net<\/a><\/p>\n<p>2019 wird das Projekt weitergef\u00fchrt &#8211; stay tuned f\u00fcr weitere Episoden!<\/p>\n<p><strong>Folge RUPPICH hier:<\/strong><br \/>\n&#8211; <a href=\"http:\/\/www.facebook.com\/team.ruppich\" target=\"_blank\" rel=\"noopener noreferrer\">FACEBOOK<\/a><br \/>\n&#8211; <a href=\"http:\/\/www.youtube.com\/channel\/UCD8qw-HjlCiI3Ti8SfVTSeA\" target=\"_blank\" rel=\"noopener noreferrer\">YOUTUBE<\/a><br \/>\n&#8211; <a href=\"http:\/\/www.instagram.com\/team.ruppich\" target=\"_blank\" rel=\"noopener noreferrer\">INSTAGRAM<\/a><br \/>\n&#8211; <a href=\"https:\/\/soundcloud.com\/user-999766433\" target=\"_blank\" rel=\"noopener noreferrer\">SOUNDCLOUD<\/a><\/p>\n<p><strong>Feedback? Fragen? Postkarten? Schreibt der Podcastgruppe! <\/strong><br \/>\nJustizvollzugsanstalt Neuruppin-Wulkow<br \/>\nRuppich<br \/>\nAusbau 8<br \/>\n16835 Wulkow<\/p>\n<p><strong>Kooperationspartner:<\/strong><br \/>\n<a href=\"https:\/\/www.alex-berlin.de\" target=\"_blank\" rel=\"noopener noreferrer\">ALEX Berlin<\/a> &#8211; Ansprechpartner: Mischka Franke<br \/>\n<a href=\"http:\/\/www.meko-steglitz-zehlendorf.de\/\" target=\"_blank\" rel=\"noopener noreferrer\">Medienkompetenzzentrum D\u00fcppel<\/a> &#8211; Ansprechpartner: Rudolf Freundorfer<\/p>\n<p><strong>Projektumsetzung f\u00fcr Metaversa:<\/strong> Kirsten Mohri, Daniel Abma und Rudolf Freundorfer<br \/>\nKontakt: mohri[at]metaversa.de (Bitte das [at] gegen ein @ austauschen!)<\/p>\n","protected":false},"excerpt":{"rendered":"<p>Ohren auf f\u00fcr RUPPICH Insassen der JVA Neuruppin-Wulkow gestalten unter dem Gruppennamen RUPPICH ihre eigenen Audiobeitr\u00e4ge \u2013 ein Podcast in Eigenregie und stets unter dem Motto: \u201eVon drinnen nach drau\u00dfen\u201c. Ehrlich, schn\u00f6rkellos und manchmal widerborstig \u2013 RUPPICH eben. Projektinitiierung &amp;<\/p>\n","protected":false},"author":3,"featured_media":0,"parent":305,"menu_order":0,"comment_status":"closed","ping_status":"closed","template":"","meta":{"jetpack_post_was_ever_published":false,"footnotes":""},"tags":[7],"class_list":["post-863","page","type-page","status-publish","hentry","tag-audio"],"jetpack_sharing_enabled":true,"jetpack_shortlink":"https:\/\/wp.me\/P7Se2K-dV","_links":{"self":[{"href":"http:\/\/metaversa.de\/web\/wp-json\/wp\/v2\/pages\/863","targetHints":{"allow":["GET"]}}],"collection":[{"href":"http:\/\/metaversa.de\/web\/wp-json\/wp\/v2\/pages"}],"about":[{"href":"http:\/\/metaversa.de\/web\/wp-json\/wp\/v2\/types\/page"}],"author":[{"embeddable":true,"href":"http:\/\/metaversa.de\/web\/wp-json\/wp\/v2\/users\/3"}],"replies":[{"embeddable":true,"href":"http:\/\/metaversa.de\/web\/wp-json\/wp\/v2\/comments?post=863"}],"version-history":[{"count":48,"href":"http:\/\/metaversa.de\/web\/wp-json\/wp\/v2\/pages\/863\/revisions"}],"predecessor-version":[{"id":1013,"href":"http:\/\/metaversa.de\/web\/wp-json\/wp\/v2\/pages\/863\/revisions\/1013"}],"up":[{"embeddable":true,"href":"http:\/\/metaversa.de\/web\/wp-json\/wp\/v2\/pages\/305"}],"wp:attachment":[{"href":"http:\/\/metaversa.de\/web\/wp-json\/wp\/v2\/media?parent=863"}],"wp:term":[{"taxonomy":"post_tag","embeddable":true,"href":"http:\/\/metaversa.de\/web\/wp-json\/wp\/v2\/tags?post=863"}],"curies":[{"name":"wp","href":"https:\/\/api.w.org\/{rel}","templated":true}]}}