{"id":6,"date":"2014-04-02T14:44:12","date_gmt":"2014-04-02T12:44:12","guid":{"rendered":"http:\/\/metaversa.de\/web\/?page_id=6"},"modified":"2014-09-28T14:22:08","modified_gmt":"2014-09-28T12:22:08","slug":"start","status":"publish","type":"page","link":"http:\/\/metaversa.de\/web\/","title":{"rendered":"Start"},"content":{"rendered":"<p>WILLKOMMEN<\/p>\n<p>auf der Webseite von Metaversa e.V. &#8211; Verein f\u00fcr Medien, Bildung und Kultur.<\/p>\n<p><strong>Wir betreiben Medienbildung, um demokratische und soziale Kompetenzen zu f\u00f6rdern. Wir setzen uns ein f\u00fcr eine Gesellschaft aus aktiven und m\u00fcndigen Menschen<\/strong>.<\/p>\n<p>Wir veranstalten Seminare, Workshops und Projekte f\u00fcr Kinder, Jugendliche und Erwachsene in den Bereichen Medien- und Demokratiep\u00e4dagogik und Interkulturelle Bildung.<\/p>\n<p>Wir halten Vortr\u00e4ge und beraten Bildungseinrichtungen und Organisationen zum Thema Medienbildung.<\/p>\n<p>Der Verein Metaversa e.V. macht es sich zur Aufgabe, Konzepte und Bildungsangebote zu entwickeln und durchzuf\u00fchren, die einen partizipativen und demokratischen Umgang mit Medien f\u00f6rdern.\u00a0 Durch den praktischen Umgang mit Medien sollen junge Menschen an der Mitgestaltung an der Gesellschaft ermutigt werden. Wir arbeiten hierf\u00fcr mit unterschiedlichen Konzepten: ein spielerischer und kreativer Umgang mit Medien, berufsbildend und\u00a0 themenorientiert. Durch die Verkn\u00fcpfung verschiedener Themen wie\u00a0 Demokratie, Interkulturalit\u00e4t, Menschenrechte und Gender Mainstreaming mit medienp\u00e4dagogischer Arbeit, setzen sich Jugendliche mit dem demokratischen Leitgedanken und seine gesellschaftliche Bedeutung auseinander.<\/p>\n","protected":false},"excerpt":{"rendered":"<p>WILLKOMMEN auf der Webseite von Metaversa e.V. &#8211; Verein f\u00fcr Medien, Bildung und Kultur. Wir betreiben Medienbildung, um demokratische und soziale Kompetenzen zu f\u00f6rdern. Wir setzen uns ein f\u00fcr eine Gesellschaft aus aktiven und m\u00fcndigen Menschen. Wir veranstalten Seminare, Workshops<\/p>\n","protected":false},"author":1,"featured_media":0,"parent":0,"menu_order":0,"comment_status":"closed","ping_status":"closed","template":"","meta":{"jetpack_post_was_ever_published":false,"footnotes":""},"tags":[],"class_list":["post-6","page","type-page","status-publish","hentry"],"jetpack_sharing_enabled":true,"jetpack_shortlink":"https:\/\/wp.me\/P7Se2K-6","_links":{"self":[{"href":"http:\/\/metaversa.de\/web\/wp-json\/wp\/v2\/pages\/6","targetHints":{"allow":["GET"]}}],"collection":[{"href":"http:\/\/metaversa.de\/web\/wp-json\/wp\/v2\/pages"}],"about":[{"href":"http:\/\/metaversa.de\/web\/wp-json\/wp\/v2\/types\/page"}],"author":[{"embeddable":true,"href":"http:\/\/metaversa.de\/web\/wp-json\/wp\/v2\/users\/1"}],"replies":[{"embeddable":true,"href":"http:\/\/metaversa.de\/web\/wp-json\/wp\/v2\/comments?post=6"}],"version-history":[{"count":4,"href":"http:\/\/metaversa.de\/web\/wp-json\/wp\/v2\/pages\/6\/revisions"}],"predecessor-version":[{"id":497,"href":"http:\/\/metaversa.de\/web\/wp-json\/wp\/v2\/pages\/6\/revisions\/497"}],"wp:attachment":[{"href":"http:\/\/metaversa.de\/web\/wp-json\/wp\/v2\/media?parent=6"}],"wp:term":[{"taxonomy":"post_tag","embeddable":true,"href":"http:\/\/metaversa.de\/web\/wp-json\/wp\/v2\/tags?post=6"}],"curies":[{"name":"wp","href":"https:\/\/api.w.org\/{rel}","templated":true}]}}