{"id":547,"date":"2014-12-08T14:34:26","date_gmt":"2014-12-08T12:34:26","guid":{"rendered":"http:\/\/metaversa.de\/web\/?page_id=547"},"modified":"2019-06-20T06:53:31","modified_gmt":"2019-06-20T04:53:31","slug":"augmented-reality-ar-rallye-through-the-looking-glass","status":"publish","type":"page","link":"http:\/\/metaversa.de\/web\/projekte\/mobiles-lernen\/augmented-reality-ar-rallye-through-the-looking-glass\/","title":{"rendered":"Augmented Reality (AR) Rallye &#8222;Through The Looking-Glass&#8220;"},"content":{"rendered":"\n<div class=\"wp-block-image\"><figure class=\"aligncenter\"><img loading=\"lazy\" decoding=\"async\" width=\"600\" height=\"286\" src=\"http:\/\/metaversa.de\/web\/wp-content\/uploads\/2014\/12\/coverbildweb-600x286.jpg\" alt=\"coverbildweb\" class=\"wp-image-554\" srcset=\"http:\/\/metaversa.de\/web\/wp-content\/uploads\/2014\/12\/coverbildweb-600x286.jpg 600w, http:\/\/metaversa.de\/web\/wp-content\/uploads\/2014\/12\/coverbildweb-1024x488.jpg 1024w, http:\/\/metaversa.de\/web\/wp-content\/uploads\/2014\/12\/coverbildweb.jpg 1200w\" sizes=\"auto, (max-width: 600px) 100vw, 600px\" \/><\/figure><\/div>\n\n\n\n<h2 class=\"wp-block-heading\">Augmented Reality Rallye zum Downloaden und Ausprobieren<\/h2>\n\n\n\n<p>Mit Jugendlichen aus Berlin haben wir 2011 unsere erste Augmented Reality Rallye unter dem Titel &#8222;<a title=\"Surfing the Streets\" href=\"http:\/\/metaversa.de\/web\/projekte\/mobiles-lernen\/surfing-the-streets\/\">Surfing the Streets<\/a>&#8220; entwickelt. Seitdem entwickeln wir in Workshops mit Jugendlichen und Fortbildungen f\u00fcr P\u00e4dagog*innen AR-Anwendungen, die im Bildungsbereich eingesetzt werden k\u00f6nnen.<\/p>\n\n\n\n<p>Um &#8222;Augmented Reality&#8220; selbst einmal ausprobieren zu k\u00f6nnen oder\/und als motivierender Einstieg in das Thema \u00dcberwachung haben wir die AR-Rallye &#8222;Through The Looking-Glass&#8220; entwickelt. Die AR Rallye ist ortsunabh\u00e4ngig und funktioniert mittels Bilderkennung mit der App \u201eZappar\u201c. Eine Anleitung und die ben\u00f6tigten Bilder k\u00f6nnen Sie hier downloaden und unter der CC-Lizenz <a href=\"http:\/\/creativecommons.org\/licenses\/by-sa\/4.0\/\">CC-BY-SA 4.0<\/a> kostenlos verwenden.<\/p>\n\n\n\n<p>Die AR-Rallye \u201eThrough The Looking-Glass\u201c kann eingesetzt werden, um einen spielerischen Einstieg ist das Thema \u00dcberwachung zu finden. Jedes Overlay-Bild enth\u00e4lt Fakten zum Thema \u00dcberwachung im Internet. Quellen sind im Anhang der Anleitung zu finden. Daneben kann das Thema \u201eAugmented Reality\u201c im selben Kontext kritisch betrachtet werden. Die AR Brille \u201eGoogle Glases\u201c mit der eingebauten Kamerafunktion wirft neue Fragen nach Schutz der Privatsph\u00e4re auf.<\/p>\n\n\n\n<p>Die AR Rallye kann auch als Beispiel benutzt werden, um im n\u00e4chsten Schritt eine eigene Rallye zu gestalten. Auch daf\u00fcr ist die App \u201eZappar\u201c gut geeignet. Notwendig ist ein Account auf der Webseite \u201eZapworks\u201c (<a href=\"https:\/\/my.zap.works\/login\/\">https:\/\/my.zap.works\/login\/<\/a>). Dort werden mithilfe der Zapcodes Triggerbilder erstellt und mit Overlays versehen. Die Triggerbilder k\u00f6nnen auch mit Videos, Text oder Links \u00fcberlagert werden. 5 Zapcodes sind f\u00fcr Privataccounts kostenlos, weitere kosten&nbsp;\u20ac1,50 pro Zapcode.<\/p>\n\n\n\n<h2 class=\"wp-block-heading\">Anleitung<\/h2>\n\n\n\n<figure class=\"wp-block-image\"><a href=\"http:\/\/metaversa.de\/web\/wp-content\/uploads\/2019\/06\/Through_The_Looking_Glass_Zappar.pdf\"><img loading=\"lazy\" decoding=\"async\" width=\"120\" height=\"170\" src=\"http:\/\/metaversa.de\/web\/wp-content\/uploads\/2014\/12\/titelblatt_klein.jpg\" alt=\"titelblatt_klein\" class=\"wp-image-550\"\/><\/a><\/figure>\n\n\n\n<p><strong>&#8222;<a href=\"http:\/\/metaversa.de\/web\/wp-content\/uploads\/2019\/06\/Through_The_Looking_Glass_Zappar.pdf\">Through_The_Looking_Glass<\/a>&#8220; (Download PDF, 3,8 MB)<\/strong><br><strong>&#8222;<a href=\"http:\/\/metaversa.de\/web\/wp-content\/uploads\/2019\/06\/trigger_ar_rallye_gesamt.zip\">Triggerbilder zum Ausdrucken<\/a>&#8220; (Download ZIP, 3,2 MB)<\/strong><\/p>\n\n\n\n<p><strong>Ben\u00f6tigte Technik:<\/strong><\/p>\n\n\n\n<p>Smartphone oder Tablet (iOS oder Android) mit der App \u201eZappar\u201c und Internetzugang.<\/p>\n\n\n\n<p>(Hinweis: Bis Juni 2019 nutzten wir die App &#8222;HP Reveal&#8220;. diese wurde mittlerweile eingestellt.)<\/p>\n\n\n\n<p>Download Zappar:<br>Android: <a href=\"https:\/\/play.google.com\/store\/apps\/details?id=com.zappar.Zappar\">https:\/\/play.google.com\/store\/apps\/details?id=com.zappar.Zappar<\/a> iOS: <a href=\"https:\/\/itunes.apple.com\/gb\/app\/zappar\/id429885268\">https:\/\/itunes.apple.com\/gb\/app\/zappar\/id429885268<\/a><\/p>\n\n\n\n<p>Ben\u00f6tigte Materialien:<\/p>\n\n\n\n<p>12 oder 6 der ausgedruckten Trigger-Bilder in Postkarten- oder Plakatgr\u00f6\u00dfe, die Spielbeschreibung und Spielanleitung.<\/p>\n\n\n\n<p><strong>Wir freuen uns, wenn Sie uns von Ihren durchgef\u00fchrten Rallyes berichten und uns Kommentare und Anregungen schicken.<\/strong><\/p>\n","protected":false},"excerpt":{"rendered":"<p>Augmented Reality Rallye zum Downloaden und Ausprobieren Mit Jugendlichen aus Berlin haben wir 2011 unsere erste Augmented Reality Rallye unter dem Titel &#8222;Surfing the Streets&#8220; entwickelt. Seitdem entwickeln wir in Workshops mit Jugendlichen und Fortbildungen f\u00fcr P\u00e4dagog*innen AR-Anwendungen, die im<\/p>\n","protected":false},"author":1,"featured_media":0,"parent":33,"menu_order":0,"comment_status":"closed","ping_status":"closed","template":"","meta":{"jetpack_post_was_ever_published":false,"footnotes":""},"tags":[29,18,4,17],"class_list":["post-547","page","type-page","status-publish","hentry","tag-augmented-reality","tag-computerspiele","tag-internet","tag-mobiles-lernen"],"jetpack_sharing_enabled":true,"jetpack_shortlink":"https:\/\/wp.me\/P7Se2K-8P","_links":{"self":[{"href":"http:\/\/metaversa.de\/web\/wp-json\/wp\/v2\/pages\/547","targetHints":{"allow":["GET"]}}],"collection":[{"href":"http:\/\/metaversa.de\/web\/wp-json\/wp\/v2\/pages"}],"about":[{"href":"http:\/\/metaversa.de\/web\/wp-json\/wp\/v2\/types\/page"}],"author":[{"embeddable":true,"href":"http:\/\/metaversa.de\/web\/wp-json\/wp\/v2\/users\/1"}],"replies":[{"embeddable":true,"href":"http:\/\/metaversa.de\/web\/wp-json\/wp\/v2\/comments?post=547"}],"version-history":[{"count":12,"href":"http:\/\/metaversa.de\/web\/wp-json\/wp\/v2\/pages\/547\/revisions"}],"predecessor-version":[{"id":1032,"href":"http:\/\/metaversa.de\/web\/wp-json\/wp\/v2\/pages\/547\/revisions\/1032"}],"up":[{"embeddable":true,"href":"http:\/\/metaversa.de\/web\/wp-json\/wp\/v2\/pages\/33"}],"wp:attachment":[{"href":"http:\/\/metaversa.de\/web\/wp-json\/wp\/v2\/media?parent=547"}],"wp:term":[{"taxonomy":"post_tag","embeddable":true,"href":"http:\/\/metaversa.de\/web\/wp-json\/wp\/v2\/tags?post=547"}],"curies":[{"name":"wp","href":"https:\/\/api.w.org\/{rel}","templated":true}]}}