{"id":509,"date":"2014-09-28T21:22:47","date_gmt":"2014-09-28T19:22:47","guid":{"rendered":"http:\/\/metaversa.de\/web\/?page_id=509"},"modified":"2014-09-28T21:23:19","modified_gmt":"2014-09-28T19:23:19","slug":"cyberland-minecraft","status":"publish","type":"page","link":"http:\/\/metaversa.de\/web\/projekte\/netzcommunities\/cyberland-minecraft\/","title":{"rendered":"Cyberland Minecraft"},"content":{"rendered":"<p><a href=\"http:\/\/metaversa.de\/web\/wp-content\/uploads\/2014\/05\/cyb_kreativ_icon.jpg\"><img loading=\"lazy\" decoding=\"async\" class=\"alignleft wp-image-107 size-full\" src=\"http:\/\/metaversa.de\/web\/wp-content\/uploads\/2014\/05\/cyb_kreativ_icon.jpg\" alt=\"cyb_kreativ_icon\" width=\"240\" height=\"150\" \/><\/a><\/p>\n<p>Seit Anfang 2013 verf\u00fcgen wir mit zwei Minecraftservern \u00fcber zwei weitere Onlinewelten, die von jugendlichen internetnutzerInnen und p\u00e4dagogischen Einrichtungen f\u00fcr Onlineprojekte genutzt werden k\u00f6nnen. Auch bei <a href=\"http:\/\/www.minecraft.net\">Minecraft<\/a> steht die kreative Gestaltung der Welten im Vordergrund. Ziel ist hier auch der Aufbau einer Jugendcommunity, die die Administration der Welten selbst\u00e4ndig \u00fcbernimmt. Zu finden unter:\u00a0<a href=\"http:\/\/cyberland.org\/\">www.cyberland.org<\/a><\/p>\n<p>Wir nutzen die Minecraftserver in unterschiedlichen Projekten: zur Erstellung von Machinimas, als Aktionsbasis bei der Reise durch die Mediengalaxie oder als 3D-Objektwerkstatt in &#8222;Minecraft Reality&#8220;.<\/p>\n","protected":false},"excerpt":{"rendered":"<p>Seit Anfang 2013 verf\u00fcgen wir mit zwei Minecraftservern \u00fcber zwei weitere Onlinewelten, die von jugendlichen internetnutzerInnen und p\u00e4dagogischen Einrichtungen f\u00fcr Onlineprojekte genutzt werden k\u00f6nnen. Auch bei Minecraft steht die kreative Gestaltung der Welten im Vordergrund. Ziel ist hier auch der<\/p>\n","protected":false},"author":1,"featured_media":0,"parent":35,"menu_order":0,"comment_status":"closed","ping_status":"closed","template":"","meta":{"jetpack_post_was_ever_published":false,"footnotes":""},"tags":[18,4,14,15],"class_list":["post-509","page","type-page","status-publish","hentry","tag-computerspiele","tag-internet","tag-netzcommunity","tag-virtuelle-welten"],"jetpack_sharing_enabled":true,"jetpack_shortlink":"https:\/\/wp.me\/P7Se2K-8d","_links":{"self":[{"href":"http:\/\/metaversa.de\/web\/wp-json\/wp\/v2\/pages\/509","targetHints":{"allow":["GET"]}}],"collection":[{"href":"http:\/\/metaversa.de\/web\/wp-json\/wp\/v2\/pages"}],"about":[{"href":"http:\/\/metaversa.de\/web\/wp-json\/wp\/v2\/types\/page"}],"author":[{"embeddable":true,"href":"http:\/\/metaversa.de\/web\/wp-json\/wp\/v2\/users\/1"}],"replies":[{"embeddable":true,"href":"http:\/\/metaversa.de\/web\/wp-json\/wp\/v2\/comments?post=509"}],"version-history":[{"count":1,"href":"http:\/\/metaversa.de\/web\/wp-json\/wp\/v2\/pages\/509\/revisions"}],"predecessor-version":[{"id":510,"href":"http:\/\/metaversa.de\/web\/wp-json\/wp\/v2\/pages\/509\/revisions\/510"}],"up":[{"embeddable":true,"href":"http:\/\/metaversa.de\/web\/wp-json\/wp\/v2\/pages\/35"}],"wp:attachment":[{"href":"http:\/\/metaversa.de\/web\/wp-json\/wp\/v2\/media?parent=509"}],"wp:term":[{"taxonomy":"post_tag","embeddable":true,"href":"http:\/\/metaversa.de\/web\/wp-json\/wp\/v2\/tags?post=509"}],"curies":[{"name":"wp","href":"https:\/\/api.w.org\/{rel}","templated":true}]}}