{"id":352,"date":"2014-06-06T21:21:04","date_gmt":"2014-06-06T19:21:04","guid":{"rendered":"http:\/\/metaversa.de\/web\/?page_id=352"},"modified":"2014-06-06T21:21:04","modified_gmt":"2014-06-06T19:21:04","slug":"welcome-to-the-jungle-praxistest-fuer-jugendliche","status":"publish","type":"page","link":"http:\/\/metaversa.de\/web\/projekte\/berufsbildung\/welcome-to-the-jungle-praxistest-fuer-jugendliche\/","title":{"rendered":"Welcome to the Jungle \u2013 Praxistest f\u00fcr Jugendliche"},"content":{"rendered":"<p><a href=\"http:\/\/metaversa.de\/web\/wp-content\/uploads\/2014\/05\/welcome_to_the_jungle.jpg\"><img loading=\"lazy\" decoding=\"async\" class=\"alignright size-full wp-image-249\" src=\"http:\/\/metaversa.de\/web\/wp-content\/uploads\/2014\/05\/welcome_to_the_jungle.jpg\" alt=\"welcome_to_the_jungle\" width=\"200\" height=\"150\" \/><\/a>Der in Form eines TV-Features erstellte Film \u201aWelcome to the Jungle\u2019 gew\u00e4hrt dem Zuschauenden einen teilweise sehr pers\u00f6nlichen Einblick in Berufsw\u00fcnsche von drei Jugendlichen und stellt diese den realen Anforderungen der Ausbildungs- und Arbeitswelt gegen\u00fcber. F\u00fcr den einen steht der Entschluss Regisseur zu werden schon fest, f\u00fcr die andere besteht noch Kl\u00e4rungsbedarf, welche Sparte der Medienwelt f\u00fcr sie das Richtige ist und der dritte \u00fcberlegt laut, ob er nicht sowieso vorher ein Hochschulstudium absolvieren soll. Der Film zeigt, dass Jugendliche ihre Berufswahl sehr ernst nehmen und informiert \u00fcber Inhalte sowie Kenntnisse und Begabungen, die man f\u00fcr eine Film- oder Fernsehausbildung mitbringen sollte. Die Nachdenklichkeit der Jugendlichen spricht f\u00fcr sich.<\/p>\n<p><object width=\"425\" height=\"355\"><param name=\"movie\" value=\"http:\/\/www.youtube.com\/v\/XKF_-5IY5e4&amp;amp;amp;rel=1\" \/><param name=\"wmode\" value=\"transparent\" \/><\/object><\/p>\n<p>Das Projekt gewann einen Sonderpreis beim Berliner Medienpreis <a href=\"http:\/\/jugendnetz-berlin.de\/ger\/schlaglichter\/neuigkeiten\/berlin\/mediamax_preistraeger.php?navanchor=1010002\">MediaMax 2007<\/a>.<\/p>\n<p>Ein Projekt im Rahmen von &#8222;<a href=\"http:\/\/www.steps-into-future.de\">Steps into future<\/a>&#8222;. Gef\u00f6rdert von der <a href=\"http:\/\/www.jfsb.de\">Jugend- und Familienstiftung Berlin<\/a> und der <a href=\"http:\/\/www.mabb.de\">Medienanstalt Berlin-Brandenburg<\/a><\/p>\n","protected":false},"excerpt":{"rendered":"<p>Der in Form eines TV-Features erstellte Film \u201aWelcome to the Jungle\u2019 gew\u00e4hrt dem Zuschauenden einen teilweise sehr pers\u00f6nlichen Einblick in Berufsw\u00fcnsche von drei Jugendlichen und stellt diese den realen Anforderungen der Ausbildungs- und Arbeitswelt gegen\u00fcber. F\u00fcr den einen steht der<\/p>\n","protected":false},"author":1,"featured_media":0,"parent":39,"menu_order":0,"comment_status":"closed","ping_status":"closed","template":"","meta":{"jetpack_post_was_ever_published":false,"footnotes":""},"tags":[21,8],"class_list":["post-352","page","type-page","status-publish","hentry","tag-berufsbildung","tag-video"],"jetpack_sharing_enabled":true,"jetpack_shortlink":"https:\/\/wp.me\/P7Se2K-5G","_links":{"self":[{"href":"http:\/\/metaversa.de\/web\/wp-json\/wp\/v2\/pages\/352","targetHints":{"allow":["GET"]}}],"collection":[{"href":"http:\/\/metaversa.de\/web\/wp-json\/wp\/v2\/pages"}],"about":[{"href":"http:\/\/metaversa.de\/web\/wp-json\/wp\/v2\/types\/page"}],"author":[{"embeddable":true,"href":"http:\/\/metaversa.de\/web\/wp-json\/wp\/v2\/users\/1"}],"replies":[{"embeddable":true,"href":"http:\/\/metaversa.de\/web\/wp-json\/wp\/v2\/comments?post=352"}],"version-history":[{"count":1,"href":"http:\/\/metaversa.de\/web\/wp-json\/wp\/v2\/pages\/352\/revisions"}],"predecessor-version":[{"id":353,"href":"http:\/\/metaversa.de\/web\/wp-json\/wp\/v2\/pages\/352\/revisions\/353"}],"up":[{"embeddable":true,"href":"http:\/\/metaversa.de\/web\/wp-json\/wp\/v2\/pages\/39"}],"wp:attachment":[{"href":"http:\/\/metaversa.de\/web\/wp-json\/wp\/v2\/media?parent=352"}],"wp:term":[{"taxonomy":"post_tag","embeddable":true,"href":"http:\/\/metaversa.de\/web\/wp-json\/wp\/v2\/tags?post=352"}],"curies":[{"name":"wp","href":"https:\/\/api.w.org\/{rel}","templated":true}]}}