{"id":342,"date":"2014-06-05T22:04:40","date_gmt":"2014-06-05T20:04:40","guid":{"rendered":"http:\/\/metaversa.de\/web\/?page_id=342"},"modified":"2014-06-05T22:04:40","modified_gmt":"2014-06-05T20:04:40","slug":"man-warf-mich-in-ein-lager-in-einen-verdammten-ort","status":"publish","type":"page","link":"http:\/\/metaversa.de\/web\/projekte\/antidiskriminierung\/man-warf-mich-in-ein-lager-in-einen-verdammten-ort\/","title":{"rendered":"Man warf mich in ein Lager, in einen verdammten Ort&#8230;"},"content":{"rendered":"<p><a href=\"http:\/\/metaversa.de\/web\/wp-content\/uploads\/2014\/06\/lager3.jpg\"><img loading=\"lazy\" decoding=\"async\" class=\"alignright wp-image-345 size-medium\" src=\"http:\/\/metaversa.de\/web\/wp-content\/uploads\/2014\/06\/lager3-300x225.jpg\" alt=\"lager3\" width=\"300\" height=\"225\" srcset=\"http:\/\/metaversa.de\/web\/wp-content\/uploads\/2014\/06\/lager3-300x225.jpg 300w, http:\/\/metaversa.de\/web\/wp-content\/uploads\/2014\/06\/lager3.jpg 640w\" sizes=\"auto, (max-width: 300px) 100vw, 300px\" \/><\/a>In unmittelbarer Nachbarschaft des StadtGutes Blankenfelde im Norden Berlins befand sich von 1942 bis 1945 ein sog. Durchgangs- bzw. Sterbelager f\u00fcr arbeitsunf\u00e4hige Ostarbeiter\/innen. Heute erinnert vor Ort nichts mehr daran. Mit der Videodokumentation \u201eMan warf mich in ein Lager, in einen verdammten Ort&#8230; \u2013 Das vergessene Zwangsarbeiterlager Berlin-Blankenfelde\u201c soll dessen Geschichte der Vergessenheit entrissen, Hintergr\u00fcnde beleuchtet und Einzelschicksale von Betroffenen vorgestellt werden. Teil des Videofeatures sind Aufnahmen von arch\u00e4ologischen Grabungen, die im Juli 2009 auf dem ehemaligen Lagergel\u00e4nde stattgefunden haben. Der Videofilm ist im Rahmen eines Jugendprojektes entstanden, das mit Sch\u00fclern und Sch\u00fclerinnen der 9. und 12. Klasse des Max-Delbr\u00fcck-Gymnasiums Berlin in Zusammenarbeit mit dem Museumsverbund Pankow durchgef\u00fchrt wurde.<\/p>\n<p>Der Film ist bei Youtube in drei Teilen komplett ansehbar:<\/p>\n<p><object width=\"320\" height=\"265\"><param name=\"movie\" value=\"http:\/\/www.youtube.com\/v\/-F-RZNG7oqs&amp;amp;hl=de_DE&amp;amp;fs=1&amp;amp;rel=0\" \/><param name=\"allowFullScreen\" value=\"true\" \/><param name=\"allowscriptaccess\" value=\"always\" \/><\/object><\/p>\n<p><object width=\"320\" height=\"265\"><param name=\"movie\" value=\"http:\/\/www.youtube.com\/v\/RYYLTR4Y2pA&amp;amp;amp;amp;amp;hl=de_DE&amp;amp;amp;amp;amp;fs=1&amp;amp;amp;amp;amp;rel=0\" \/><param name=\"allowFullScreen\" value=\"true\" \/><param name=\"allowscriptaccess\" value=\"always\" \/><\/object><\/p>\n<p><object width=\"320\" height=\"265\"><param name=\"movie\" value=\"http:\/\/www.youtube.com\/v\/xFhClE4x-BY&amp;amp;hl=de_DE&amp;amp;fs=1&amp;amp;rel=0\" \/><param name=\"allowFullScreen\" value=\"true\" \/><param name=\"allowscriptaccess\" value=\"always\" \/><\/object><\/p>\n<p><a href=\"http:\/\/metaversa.de\/web\/wp-content\/uploads\/2014\/06\/lager2.jpg\"><img loading=\"lazy\" decoding=\"async\" class=\"alignright size-medium wp-image-344\" src=\"http:\/\/metaversa.de\/web\/wp-content\/uploads\/2014\/06\/lager2-300x225.jpg\" alt=\"lager2\" width=\"300\" height=\"225\" srcset=\"http:\/\/metaversa.de\/web\/wp-content\/uploads\/2014\/06\/lager2-300x225.jpg 300w, http:\/\/metaversa.de\/web\/wp-content\/uploads\/2014\/06\/lager2.jpg 640w\" sizes=\"auto, (max-width: 300px) 100vw, 300px\" \/><\/a>Das Projekt wurde gef\u00f6rdert vom Bundesprogramm &#8222;VIELFALT TUT GUT &#8211; Jugend f\u00fcr Vielfalt, Toleranz und Demokratie\u201c Berlin-Pankow 2009.<\/p>\n<p>&nbsp;<\/p>\n<p>Mehr Informationen bei\u00a0Rudolf Freundorfer (freundorfer[at]metaversa.de)<\/p>\n","protected":false},"excerpt":{"rendered":"<p>In unmittelbarer Nachbarschaft des StadtGutes Blankenfelde im Norden Berlins befand sich von 1942 bis 1945 ein sog. Durchgangs- bzw. Sterbelager f\u00fcr arbeitsunf\u00e4hige Ostarbeiter\/innen. Heute erinnert vor Ort nichts mehr daran. Mit der Videodokumentation \u201eMan warf mich in ein Lager, in<\/p>\n","protected":false},"author":1,"featured_media":0,"parent":48,"menu_order":0,"comment_status":"closed","ping_status":"closed","template":"","meta":{"jetpack_post_was_ever_published":false,"footnotes":""},"tags":[20,9,8],"class_list":["post-342","page","type-page","status-publish","hentry","tag-antidiskriminierung","tag-dokumentarfilm","tag-video"],"jetpack_sharing_enabled":true,"jetpack_shortlink":"https:\/\/wp.me\/P7Se2K-5w","_links":{"self":[{"href":"http:\/\/metaversa.de\/web\/wp-json\/wp\/v2\/pages\/342","targetHints":{"allow":["GET"]}}],"collection":[{"href":"http:\/\/metaversa.de\/web\/wp-json\/wp\/v2\/pages"}],"about":[{"href":"http:\/\/metaversa.de\/web\/wp-json\/wp\/v2\/types\/page"}],"author":[{"embeddable":true,"href":"http:\/\/metaversa.de\/web\/wp-json\/wp\/v2\/users\/1"}],"replies":[{"embeddable":true,"href":"http:\/\/metaversa.de\/web\/wp-json\/wp\/v2\/comments?post=342"}],"version-history":[{"count":1,"href":"http:\/\/metaversa.de\/web\/wp-json\/wp\/v2\/pages\/342\/revisions"}],"predecessor-version":[{"id":346,"href":"http:\/\/metaversa.de\/web\/wp-json\/wp\/v2\/pages\/342\/revisions\/346"}],"up":[{"embeddable":true,"href":"http:\/\/metaversa.de\/web\/wp-json\/wp\/v2\/pages\/48"}],"wp:attachment":[{"href":"http:\/\/metaversa.de\/web\/wp-json\/wp\/v2\/media?parent=342"}],"wp:term":[{"taxonomy":"post_tag","embeddable":true,"href":"http:\/\/metaversa.de\/web\/wp-json\/wp\/v2\/tags?post=342"}],"curies":[{"name":"wp","href":"https:\/\/api.w.org\/{rel}","templated":true}]}}