{"id":271,"date":"2014-05-13T21:43:08","date_gmt":"2014-05-13T19:43:08","guid":{"rendered":"http:\/\/metaversa.de\/web\/?page_id=271"},"modified":"2014-05-13T21:44:59","modified_gmt":"2014-05-13T19:44:59","slug":"erinnern-fuer-die-zukunft","status":"publish","type":"page","link":"http:\/\/metaversa.de\/web\/projekte\/zeitzeuginnen\/erinnern-fuer-die-zukunft\/","title":{"rendered":"Erinnern f\u00fcr die Zukunft"},"content":{"rendered":"<p><strong>Ein Zeitzeugenprojekt mit ehemaligen Gefangenen des KZ-Au\u00dfenlagers Berlin-Lichterfelde<\/strong><\/p>\n<p><a href=\"http:\/\/metaversa.de\/web\/wp-content\/uploads\/2014\/05\/lichterfelde2.jpg\"><img loading=\"lazy\" decoding=\"async\" class=\"alignright wp-image-159 size-full\" src=\"http:\/\/metaversa.de\/web\/wp-content\/uploads\/2014\/05\/lichterfelde2.jpg\" alt=\"lichterfelde2\" width=\"180\" height=\"135\" \/><\/a>Das 1942 erbaute KZ Au\u00dfenlager Lichterfelde, war eines von 67 Au\u00dfenlagern, die dem KZ Sachsenhausen unterstanden. In dem Lager befanden sich jeweils 40% Deutsche und Polen, die restlichen 20% der H\u00e4ftlinge kamen aus anderen L\u00e4ndern. Bei den H\u00e4ftlingen handelte es sich um so genannte Asoziale, Befristete Vorbeugungsh\u00e4ftlinge, Zeugen Jehovas. Politische H\u00e4ftlinge und Sinti und Roma.<\/p>\n<p><a href=\"http:\/\/metaversa.de\/web\/wp-content\/uploads\/2014\/05\/lichterfelde3.jpg\"><img loading=\"lazy\" decoding=\"async\" class=\"alignright wp-image-160 size-full\" src=\"http:\/\/metaversa.de\/web\/wp-content\/uploads\/2014\/05\/lichterfelde3.jpg\" alt=\"lichterfelde3\" width=\"180\" height=\"135\" \/><\/a>Jedes Jahr l\u00e4dt der Verein Initiative KZ-Au\u00dfenlager Lichterfelde e.V. ehemalige Gefangene des Lagers und interessierte B\u00fcrgerInnen am 8. Mai zu einem\u00a0Gedenktreffen ein. Ort des Gedenkens ist das ehemalige und inzwischen mit einen Spielplatz \u00fcberbaute Gel\u00e4nde des Lagers, an das heute nur noch eine Gedenkplatte\u00a0erinnert. Die Initiative KZ-Au\u00dfenlager Lichterfelde e.V widmet sich der Erforschung der Geschichte dieses Lagers.<\/p>\n<p>Am 8. Mai 2007 versammelten sich ehemalige Gefangene des Au\u00dfenlagers Lichterfelde (KZ Sachsenhausen) und der Verein &#8222;KZ Au\u00dfenlager Lichterfelde&#8220; (Veranstalterin), um an die ehemaligen Gefangenen und an das Grauen des Nationalsozialismus zu erinnern.<\/p>\n<p><a href=\"http:\/\/metaversa.de\/web\/wp-content\/uploads\/2014\/05\/dvd_lichterf_vorderseite3.jpg\"><img loading=\"lazy\" decoding=\"async\" class=\"alignleft wp-image-118 size-full\" src=\"http:\/\/metaversa.de\/web\/wp-content\/uploads\/2014\/05\/dvd_lichterf_vorderseite3.jpg\" alt=\"dvd_lichterf_vorderseite3\" width=\"200\" height=\"279\" \/><\/a>Metaversa in Kooperation mit dem Medienkompetenzzentrum D\u00fcppel dokumentierten per Video diesen Tag und interviewten mehrere Zeitzeugen f\u00fcr das Interportal <a href=\"http:\/\/www.zeitzeugengeschichte.de\">www.zeitzeugengeschichte.de<\/a>. Bei diesem Gedenktag beteiligten sich Jugendliche der K\u00f6nigin Luisen Stiftung, das Oberstufenzentrum Lichterfelde und Auszubildende im Gastronomiebereich der AWO Berlin.<\/p>\n<p>Die Dokumentation und die Zeitzeugeninterviews f\u00fcr das Portal werden in einem Workshop gemeinsam mit Jugendlichen und MultiplikatorInnen produziert.<\/p>\n<p>Die Zeitzeugeninterviews werden auf dem Zeitzeugenportal ver\u00f6ffentlicht und beim Offenen Kanal Berlin ausgestrahlt.<\/p>\n<p>Der Film wurde am 9. November 2007 von 18:00 bis 20:00 Uhr in der Stadtbibliothek Steglitz-Zehlendorf vorgestellt.<\/p>\n<p>Das Projekt wird gef\u00f6rdert von der <a href=\"http:\/\/www.hansche-stiftung.de\">Dr. Hildegard Hansche- Stiftung<\/a><\/p>\n<p><strong>Kooperationspartner:<\/strong><\/p>\n<p><a href=\"http:\/\/www.meko-dueppel.de\">Medienkompetenzzentrum D\u00fcppel<\/a><br \/>\n<a href=\"http:\/\/www.imperium-romanum.de\/imperium-romanum\/KZ\/\">Initiative KZ Au\u00dfenlager Lichterfelde e.V.<\/a><br \/>\n<a href=\"http:\/\/www.okb.de\/projekte_metaversa_lichterfelde.htm\">Offener Kanal Berlin<\/a><br \/>\n<a href=\"http:\/\/www.berlin.de\/ba-steglitz-zehlendorf\/verwaltung\/jugend\/\">Jugendamt Steglitz-Zehlendorf<\/a><br \/>\n<a href=\"http:\/\/www.vjb-zehlendorf.de\">VJB Zehlendorf e.V.<\/a><\/p>\n<p>Mehr Informationen bei<br \/>\nDaniel Abma (abma[at]metaversa.de) und Birgit Marzinka (marzinka[at]metaversa.de)<\/p>\n","protected":false},"excerpt":{"rendered":"<p>Ein Zeitzeugenprojekt mit ehemaligen Gefangenen des KZ-Au\u00dfenlagers Berlin-Lichterfelde Das 1942 erbaute KZ Au\u00dfenlager Lichterfelde, war eines von 67 Au\u00dfenlagern, die dem KZ Sachsenhausen unterstanden. In dem Lager befanden sich jeweils 40% Deutsche und Polen, die restlichen 20% der H\u00e4ftlinge kamen<\/p>\n","protected":false},"author":1,"featured_media":0,"parent":37,"menu_order":0,"comment_status":"closed","ping_status":"closed","template":"","meta":{"jetpack_post_was_ever_published":false,"footnotes":""},"tags":[9,8,3],"class_list":["post-271","page","type-page","status-publish","hentry","tag-dokumentarfilm","tag-video","tag-zeitzeuginnen"],"jetpack_sharing_enabled":true,"jetpack_shortlink":"https:\/\/wp.me\/P7Se2K-4n","_links":{"self":[{"href":"http:\/\/metaversa.de\/web\/wp-json\/wp\/v2\/pages\/271","targetHints":{"allow":["GET"]}}],"collection":[{"href":"http:\/\/metaversa.de\/web\/wp-json\/wp\/v2\/pages"}],"about":[{"href":"http:\/\/metaversa.de\/web\/wp-json\/wp\/v2\/types\/page"}],"author":[{"embeddable":true,"href":"http:\/\/metaversa.de\/web\/wp-json\/wp\/v2\/users\/1"}],"replies":[{"embeddable":true,"href":"http:\/\/metaversa.de\/web\/wp-json\/wp\/v2\/comments?post=271"}],"version-history":[{"count":1,"href":"http:\/\/metaversa.de\/web\/wp-json\/wp\/v2\/pages\/271\/revisions"}],"predecessor-version":[{"id":272,"href":"http:\/\/metaversa.de\/web\/wp-json\/wp\/v2\/pages\/271\/revisions\/272"}],"up":[{"embeddable":true,"href":"http:\/\/metaversa.de\/web\/wp-json\/wp\/v2\/pages\/37"}],"wp:attachment":[{"href":"http:\/\/metaversa.de\/web\/wp-json\/wp\/v2\/media?parent=271"}],"wp:term":[{"taxonomy":"post_tag","embeddable":true,"href":"http:\/\/metaversa.de\/web\/wp-json\/wp\/v2\/tags?post=271"}],"curies":[{"name":"wp","href":"https:\/\/api.w.org\/{rel}","templated":true}]}}