{"id":269,"date":"2014-05-13T21:34:26","date_gmt":"2014-05-13T19:34:26","guid":{"rendered":"http:\/\/metaversa.de\/web\/?page_id=269"},"modified":"2014-05-13T21:44:34","modified_gmt":"2014-05-13T19:44:34","slug":"die-erinnerung-darf-nicht-sterben","status":"publish","type":"page","link":"http:\/\/metaversa.de\/web\/projekte\/zeitzeuginnen\/die-erinnerung-darf-nicht-sterben\/","title":{"rendered":"Die Erinnerung darf nicht sterben"},"content":{"rendered":"<p>H\u00f6rspielprojekt mit Sch\u00fcler\/innen der Gruppe ARADI<\/p>\n<p><a href=\"http:\/\/metaversa.de\/web\/wp-content\/uploads\/2014\/05\/reimann3.jpg\"><img loading=\"lazy\" decoding=\"async\" class=\"alignright wp-image-210 size-full\" src=\"http:\/\/metaversa.de\/web\/wp-content\/uploads\/2014\/05\/reimann3.jpg\" alt=\"reimann3\" width=\"120\" height=\"90\" \/><\/a>Im Herbst 2004 produzierten Sch\u00fcler\/innen der Gruppe ARADI (Sch\u00fclergruppe des Friedrich-List-Gymnasiums, Berlin-Pankow) ein H\u00f6rspiel \u00fcber das Leben von Barbara Reimann-Dollwetzel. Frau Reimann-Dollwetzel hatten Einige von ARADI bereits im M\u00e4rz 2004 bei Projekttagen kennengelernt. Frau Reimann ist aktive Kommunistin und \u00fcberlebte das Frauenkonzentrationslagers Ravensbr\u00fcck.<\/p>\n<p><a href=\"http:\/\/metaversa.de\/web\/wp-content\/uploads\/2014\/05\/reimann2.jpg\"><img loading=\"lazy\" decoding=\"async\" class=\"alignright wp-image-209 size-full\" src=\"http:\/\/metaversa.de\/web\/wp-content\/uploads\/2014\/05\/reimann2.jpg\" alt=\"reimann2\" width=\"120\" height=\"90\" \/><\/a>Vier Monate besch\u00e4ftigten sich die Sch\u00fcler\/innen mit der Biographie der Zeitzeugin, fuhren nach Ravensbr\u00fcck in die Gedenkst\u00e4tte und interviewten Frau Reimann-Dollwetzel. Entstanden ist ein H\u00f6rspiel von 102:30 Minuten.<\/p>\n<p>Geschrieben, produziert und gesprochen wurde das H\u00f6rspiel<br \/>\nvon ARADI in Zusammenarbeit mit der Zeitzeugin<br \/>\nFrau Reimann-Dollwetzel.<\/p>\n<p>Das H\u00f6rspiel wurde 2005 mit dem <a href=\"http:\/\/www.shoa.de\/content\/view\/339\/397\/\">Sonderpreis<br \/>\nvon Shoa.de<\/a> ausgezeichnet.<\/p>\n<p>Sie k\u00f6nnen das H\u00f6rspiel von dem<br \/>\nPortal <a href=\"http:\/\/www.zeitzeugengeschichte.de\/topic.php?clipId=24\">zeitzeugengeschichte.de<\/a> hier herunterladen.<\/p>\n<p>Mehr Informationen bei:<br \/>\nBirgit Marzinka<br \/>\nmarzinka[at]metaversa.de<\/p>\n<p>Das Projekt wurde gef\u00f6rdert von:<\/p>\n<p>Respektabel und Aktion Mensch<\/p>\n","protected":false},"excerpt":{"rendered":"<p>H\u00f6rspielprojekt mit Sch\u00fcler\/innen der Gruppe ARADI Im Herbst 2004 produzierten Sch\u00fcler\/innen der Gruppe ARADI (Sch\u00fclergruppe des Friedrich-List-Gymnasiums, Berlin-Pankow) ein H\u00f6rspiel \u00fcber das Leben von Barbara Reimann-Dollwetzel. Frau Reimann-Dollwetzel hatten Einige von ARADI bereits im M\u00e4rz 2004 bei Projekttagen kennengelernt. Frau<\/p>\n","protected":false},"author":1,"featured_media":0,"parent":37,"menu_order":0,"comment_status":"closed","ping_status":"closed","template":"","meta":{"jetpack_post_was_ever_published":false,"footnotes":""},"tags":[7,3],"class_list":["post-269","page","type-page","status-publish","hentry","tag-audio","tag-zeitzeuginnen"],"jetpack_sharing_enabled":true,"jetpack_shortlink":"https:\/\/wp.me\/P7Se2K-4l","_links":{"self":[{"href":"http:\/\/metaversa.de\/web\/wp-json\/wp\/v2\/pages\/269","targetHints":{"allow":["GET"]}}],"collection":[{"href":"http:\/\/metaversa.de\/web\/wp-json\/wp\/v2\/pages"}],"about":[{"href":"http:\/\/metaversa.de\/web\/wp-json\/wp\/v2\/types\/page"}],"author":[{"embeddable":true,"href":"http:\/\/metaversa.de\/web\/wp-json\/wp\/v2\/users\/1"}],"replies":[{"embeddable":true,"href":"http:\/\/metaversa.de\/web\/wp-json\/wp\/v2\/comments?post=269"}],"version-history":[{"count":1,"href":"http:\/\/metaversa.de\/web\/wp-json\/wp\/v2\/pages\/269\/revisions"}],"predecessor-version":[{"id":270,"href":"http:\/\/metaversa.de\/web\/wp-json\/wp\/v2\/pages\/269\/revisions\/270"}],"up":[{"embeddable":true,"href":"http:\/\/metaversa.de\/web\/wp-json\/wp\/v2\/pages\/37"}],"wp:attachment":[{"href":"http:\/\/metaversa.de\/web\/wp-json\/wp\/v2\/media?parent=269"}],"wp:term":[{"taxonomy":"post_tag","embeddable":true,"href":"http:\/\/metaversa.de\/web\/wp-json\/wp\/v2\/tags?post=269"}],"curies":[{"name":"wp","href":"https:\/\/api.w.org\/{rel}","templated":true}]}}